{"id":3184,"date":"2021-03-19T21:08:38","date_gmt":"2021-03-19T21:08:38","guid":{"rendered":"https:\/\/netzwerk-antirassismus.ch\/politica-de-privacidad\/"},"modified":"2026-03-14T12:30:08","modified_gmt":"2026-03-14T12:30:08","slug":"politica-de-privacidad","status":"publish","type":"page","link":"https:\/\/netzwerk-antirassismus.ch\/es\/politica-de-privacidad\/","title":{"rendered":"Pol\u00edtica de privacidad"},"content":{"rendered":"\t\t<div data-elementor-type=\"wp-page\" data-elementor-id=\"3184\" class=\"elementor elementor-3184 elementor-1092\" data-elementor-post-type=\"page\">\n\t\t\t\t<div class=\"elementor-element elementor-element-514be14 e-flex e-con-boxed e-con e-parent\" data-id=\"514be14\" data-element_type=\"container\" data-e-type=\"container\" data-settings=\"{&quot;background_background&quot;:&quot;classic&quot;}\">\n\t\t\t\t\t<div class=\"e-con-inner\">\n\t\t\t\t<div class=\"elementor-element elementor-element-8f2d743 elementor-widget__width-initial elementor-invisible elementor-widget elementor-widget-heading\" data-id=\"8f2d743\" data-element_type=\"widget\" data-e-type=\"widget\" data-settings=\"{&quot;_animation&quot;:&quot;slideInRight&quot;}\" data-widget_type=\"heading.default\">\n\t\t\t\t<div class=\"elementor-widget-container\">\n\t\t\t\t\t<h2 class=\"elementor-heading-title elementor-size-default\">Protecci\u00f3n de datos<\/h2>\t\t\t\t<\/div>\n\t\t\t\t<\/div>\n\t\t\t\t\t<\/div>\n\t\t\t\t<\/div>\n\t\t<div class=\"elementor-element elementor-element-31bcd43d e-flex e-con-boxed e-con e-parent\" data-id=\"31bcd43d\" data-element_type=\"container\" data-e-type=\"container\" data-settings=\"{&quot;background_background&quot;:&quot;classic&quot;}\">\n\t\t\t\t\t<div class=\"e-con-inner\">\n\t\t\t\t<div class=\"elementor-element elementor-element-511a73d7 elementor-widget__width-initial elementor-widget elementor-widget-text-editor\" data-id=\"511a73d7\" data-element_type=\"widget\" data-e-type=\"widget\" data-widget_type=\"text-editor.default\">\n\t\t\t\t<div class=\"elementor-widget-container\">\n\t\t\t\t\t\t\t\t\t\n<p>Con esta pol\u00edtica de privacidad queremos explicarle c\u00f3mo recopilamos y tratamos los datos personales. <\/p>\n\n<p>La Red Antirracismo de Basilea-Ciudad cumple con la <a href=\"https:\/\/www.admin.ch\/opc\/de\/classified-compilation\/19920153\/index.html\">Ley Federal de Protecci\u00f3n de Datos<\/a> (LPD) y satisface los requisitos del <a href=\"https:\/\/dsgvo-gesetz.de\/\">Reglamento General de Protecci\u00f3n de Datos de la UE (RGPD)<\/a>. Al utilizar nuestros servicios y nuestra p\u00e1gina web, usted acepta el tratamiento de los datos recopilados sobre usted de la manera descrita a continuaci\u00f3n y con la finalidad indicada. Solo podr\u00e1 comunicarnos datos personales de terceros si est\u00e1 autorizado para ello y los datos personales son correctos.  <\/p>\n\n<p>Podemos modificar la presente pol\u00edtica de privacidad en cualquier momento y sin previo aviso. En cada caso ser\u00e1 aplicable la versi\u00f3n vigente publicada en nuestro sitio web. <\/p>\n\n<p><strong>General: Datos personales<\/strong><\/p>\n\n<p>Para garantizar que nuestros servicios puedan utilizarse de manera espec\u00edfica y eficiente, es necesario recopilar determinados datos. Las personas que muestran inter\u00e9s en la Red Antirracismo de Basilea-Ciudad rellenan el formulario de contacto o notifican un incidente racista, transmiti\u00e9ndonos datos personales. Estos se utilizan exclusivamente para los fines de la Red Antirracismo de Basilea-Ciudad. Tratamos datos personales que recibimos de personas que solicitan asesoramiento o de terceros implicados en el marco de nuestra actividad en el \u00e1mbito de la orientaci\u00f3n, o que recopilamos nosotros mismos. Algunos de estos datos personales nos son proporcionados por las personas afectadas, familiares de las personas afectadas, testigos o profesionales cuando nos contactan por correo electr\u00f3nico, rellenan un formulario de notificaci\u00f3n en nuestro sitio web o solicitan servicios. Esto incluye, por ejemplo, nombres y datos de contacto. Adem\u00e1s, recopilamos datos personales que se reciben en el marco de la correspondencia con terceros (en particular familiares, autoridades y otros centros de asesoramiento) en el contexto de nuestra actividad de orientaci\u00f3n. Los tipos de datos personales mencionados se tratan principalmente para prestar asesoramiento y documentarlo.       <\/p>\n\n<p>Para alcanzar los fines descritos en esta pol\u00edtica de privacidad, puede ser necesario que comuniquemos los datos personales a los siguientes destinatarios: centros de asesoramiento de la <a href=\"https:\/\/www.network-racism.ch\/\">Red de Asesoramiento para V\u00edctimas de Racismo<\/a>, en particular <a href=\"https:\/\/stopprassismus.ch\/\">el Centro de Asesoramiento de ambas Basileas contra el Racismo y la Discriminaci\u00f3n, Stopp Rassismus<\/a>. Estos est\u00e1n sujetos a la ley de protecci\u00f3n de datos y, seg\u00fan acuerdo, no pueden utilizar ni comunicar los datos de otra manera. Aparte de esto, la Red Antirracismo de Basilea-Ciudad no cede ni comercializa datos personales a terceros.   <\/p>\n\n<p>Conservamos los datos personales \u00fanicamente durante el tiempo necesario para tramitar la relaci\u00f3n de asesoramiento y hasta que la notificaci\u00f3n haya sido remitida al centro de asesoramiento competente. Los datos personales se eliminan despu\u00e9s de forma irrevocable de nuestro sistema. Cuando las personas que solicitan asesoramiento nos proporcionan datos personales a trav\u00e9s de un tercero (por ejemplo, a trav\u00e9s de sus familiares u otras personas de contacto), corresponde a las personas que solicitan asesoramiento informarles de manera general sobre el tratamiento que realizamos.   <\/p>\n\n<p><strong>Tratamiento de datos en relaci\u00f3n con el uso de nuestro sitio we<\/strong><strong>b<\/strong><\/p>\n\n<p><strong>Uso de cookies y Google Analytics en el sitio web<\/strong><\/p>\n\n<p>Cuando accede a nuestro sitio web, recopilamos determinada informaci\u00f3n mediante cookies. Las cookies son archivos de texto que se almacenan en su ordenador. Esto nos permite mejorar la facilidad de uso y el rendimiento de nuestro sitio web. Puede configurar su navegador para que no se almacenen cookies en su ordenador o para que siempre aparezca un aviso antes de instalar una cookie. A continuaci\u00f3n encontrar\u00e1 explicaciones sobre las posibilidades de configuraci\u00f3n de cookies en los navegadores m\u00e1s habituales:    <\/p>\n\n<p>Google Chrome<\/p>\n\n<p><a href=\"https:\/\/support.google.com\/chrome\/answer\/95647?hl=de\">https:\/\/support.google.com\/chrome\/answer\/95647?hl=de<\/a><\/p>\n\n<p>Microsoft Windows Internet Explorer y Microsoft Edge<\/p>\n\n<p><a href=\"https:\/\/support.microsoft.com\/de-de\/windows\/l%C3%B6schen-und-verwalten-von-cookies-168dab11-0753-043d-7c16-ede5947fc64d\">https:\/\/support.microsoft.com\/de-de\/windows\/l%C3%B6schen-und-verwalten-von-cookies-168dab11-0753-043d-7c16-ede5947fc64d<\/a><\/p>\n\n<p>Mozilla Firefox<\/p>\n\n<p><a href=\"https:\/\/support.mozilla.org\/de\/kb\/verbesserter-schutz-aktivitatenverfolgung-desktop?redirectslug=cookies-erlauben-und-ablehnen&amp;redirectlocale=de\">https:\/\/support.mozilla.org\/de\/kb\/verbesserter-schutz-aktivitatenverfolgung-desktop?redirectslug=cookies-erlauben-und-ablehnen&amp;redirectlocale=de<\/a><\/p>\n\n<p>Apple Safari<\/p>\n\n<p><a href=\"https:\/\/support.apple.com\/de-ch\/guide\/safari\/sfri11471\/mac\">https:\/\/support.apple.com\/de-ch\/guide\/safari\/sfri11471\/mac<\/a><\/p>\n\n<p>Tenga en cuenta que la desactivaci\u00f3n completa de las cookies puede provocar que nuestro sitio web no funcione o no funcione completamente.<\/p>\n\n<p>En el \u00e1mbito de aplicaci\u00f3n del RGPD, el tratamiento de estos datos se realiza sobre la base de nuestro inter\u00e9s leg\u00edtimo (art. 6, apartado 1, letra f del RGPD) de proporcionar un sitio web moderno y un uso c\u00f3modo del mismo.<\/p>\n\n<p>Al visitar el sitio web de la Red Antirracismo, el servidor web registra por defecto datos de uso no personales. Estos datos proporcionan informaci\u00f3n sobre las p\u00e1ginas y archivos consultados, la direcci\u00f3n IP del ordenador solicitante, la fecha y duraci\u00f3n de la visita, el sistema operativo y el tipo de navegador. Para la recopilaci\u00f3n y evaluaci\u00f3n, la Red Antirracismo utiliza las herramientas de an\u00e1lisis web <a href=\"http:\/\/final.humanrights.ch\/de\/ber-uns\/datenschutz\/hinweis-verwendung-google-analytics\">Google Analytics<\/a>.  <\/p>\n\n<ul>\n<li>Google ofrece un <a href=\"https:\/\/tools.google.com\/dlpage\/gaoptout?hl=de\">complemento<\/a> que se puede instalar en el navegador para desactivar las posibilidades de seguimiento de Google Analytics.<\/li>\n<\/ul>\n\n<p><strong>Enlaces externos y funciones de terceros<\/strong><\/p>\n\n<p>La Red Antirracismo no tiene ninguna influencia sobre los contenidos externos a los que hacemos referencia, ni sobre el cumplimiento de las disposiciones de protecci\u00f3n de datos por parte de terceros cuyas funciones est\u00e1n integradas en nuestros sitios web. <\/p>\n\n<p><strong>Derecho de acceso<\/strong><\/p>\n\n<p>Con mucho gusto le proporcionaremos informaci\u00f3n por escrito sobre sus datos almacenados y los rectificaremos o eliminaremos si as\u00ed lo desea. Para ello, p\u00f3ngase en contacto con nosotros por correo electr\u00f3nico en <a href=\"mailto:info@netzwerk-antirassimus.ch\">info@netzwerk-antirassimus.ch<\/a>. <\/p>\n\n<h4 class=\"wp-block-heading\"><strong> Seguridad de los datos<\/strong><\/h4>\n\n<p>Para proteger sus datos, mantenemos medidas de seguridad t\u00e9cnicas y organizativas de acuerdo con el estado actual de la t\u00e9cnica. <\/p>\n\n<p>La comunicaci\u00f3n a trav\u00e9s de nuestro sitio web se realiza de forma cifrada mediante el uso del protocolo de cifrado SSL\/TLS. Sin embargo, se\u00f1alamos que la transmisi\u00f3n cifrada de datos por Internet siempre conlleva riesgos de seguridad. No se puede garantizar una protecci\u00f3n completa de los datos frente al acceso por parte de terceros.  <\/p>\n\n<p><strong>Declaraci\u00f3n de consentimiento<\/strong><\/p>\n\n<p>Al utilizar los servicios mencionados anteriormente de <a href=\"http:\/\/www.netzwerk-antirassismus.ch\/\">www.netzwerk-antirassismus.ch<\/a>, usted acepta el tratamiento de los datos recopilados sobre usted de la manera descrita y con las finalidades indicadas. Para m\u00e1s preguntas e informaci\u00f3n sobre la pol\u00edtica de privacidad, la Red Antirracismo est\u00e1 a su disposici\u00f3n: <\/p>\n\n<p>Red Antirracismo de Basilea-Ciudad, info@netzwerk-antirassimus.ch.<\/p>\n\t\t\t\t\t\t\t\t<\/div>\n\t\t\t\t<\/div>\n\t\t\t\t\t<\/div>\n\t\t\t\t<\/div>\n\t\t\t\t<\/div>\n\t\t","protected":false},"excerpt":{"rendered":"<p>Protecci\u00f3n de datos Con esta pol\u00edtica de privacidad queremos explicarle c\u00f3mo recopilamos y tratamos los datos personales. La Red Antirracismo de Basilea-Ciudad cumple con la Ley Federal de Protecci\u00f3n de Datos (LPD) y satisface los requisitos del Reglamento General de Protecci\u00f3n de Datos de la UE (RGPD). Al utilizar nuestros servicios y nuestra p\u00e1gina web, [&hellip;]<\/p>\n","protected":false},"author":1,"featured_media":0,"parent":0,"menu_order":0,"comment_status":"closed","ping_status":"closed","template":"elementor_header_footer","meta":{"footnotes":""},"class_list":["post-3184","page","type-page","status-publish","hentry"],"_links":{"self":[{"href":"https:\/\/netzwerk-antirassismus.ch\/es\/wp-json\/wp\/v2\/pages\/3184","targetHints":{"allow":["GET"]}}],"collection":[{"href":"https:\/\/netzwerk-antirassismus.ch\/es\/wp-json\/wp\/v2\/pages"}],"about":[{"href":"https:\/\/netzwerk-antirassismus.ch\/es\/wp-json\/wp\/v2\/types\/page"}],"author":[{"embeddable":true,"href":"https:\/\/netzwerk-antirassismus.ch\/es\/wp-json\/wp\/v2\/users\/1"}],"replies":[{"embeddable":true,"href":"https:\/\/netzwerk-antirassismus.ch\/es\/wp-json\/wp\/v2\/comments?post=3184"}],"version-history":[{"count":5,"href":"https:\/\/netzwerk-antirassismus.ch\/es\/wp-json\/wp\/v2\/pages\/3184\/revisions"}],"predecessor-version":[{"id":3193,"href":"https:\/\/netzwerk-antirassismus.ch\/es\/wp-json\/wp\/v2\/pages\/3184\/revisions\/3193"}],"wp:attachment":[{"href":"https:\/\/netzwerk-antirassismus.ch\/es\/wp-json\/wp\/v2\/media?parent=3184"}],"curies":[{"name":"wp","href":"https:\/\/api.w.org\/{rel}","templated":true}]}}

Política de privacidad

<div data-elementor-type="wp-page" data-elementor-id="3184" class="elementor elementor-3184 elementor-1092" data-elementor-post-type="page">
				<div class="elementor-element elementor-element-514be14 e-flex e-con-boxed e-con e-parent" data-id="514be14" data-element_type="container" data-e-type="container" data-settings="{&quot;background_background&quot;:&quot;classic&quot;}">
					<div class="e-con-inner">
				<div class="elementor-element elementor-element-8f2d743 elementor-widget__width-initial elementor-invisible elementor-widget elementor-widget-heading" data-id="8f2d743" data-element_type="widget" data-e-type="widget" data-settings="{&quot;_animation&quot;:&quot;slideInRight&quot;}" data-widget_type="heading.default">
				<div class="elementor-widget-container">
					<h2 class="elementor-heading-title elementor-size-default">Protección de datos</h2>				</div>
				</div>
					</div>
				</div>
		<div class="elementor-element elementor-element-31bcd43d e-flex e-con-boxed e-con e-parent" data-id="31bcd43d" data-element_type="container" data-e-type="container" data-settings="{&quot;background_background&quot;:&quot;classic&quot;}">
					<div class="e-con-inner">
				<div class="elementor-element elementor-element-511a73d7 elementor-widget__width-initial elementor-widget elementor-widget-text-editor" data-id="511a73d7" data-element_type="widget" data-e-type="widget" data-widget_type="text-editor.default">
				<div class="elementor-widget-container">
									
<p>Con esta política de privacidad queremos explicarle cómo recopilamos y tratamos los datos personales. </p>

<p>La Red Antirracismo de Basilea-Ciudad cumple con la <a href="https://www.admin.ch/opc/de/classified-compilation/19920153/index.html">Ley Federal de Protección de Datos</a> (LPD) y satisface los requisitos del <a href="https://dsgvo-gesetz.de/">Reglamento General de Protección de Datos de la UE (RGPD)</a>. Al utilizar nuestros servicios y nuestra página web, usted acepta el tratamiento de los datos recopilados sobre usted de la manera descrita a continuación y con la finalidad indicada. Solo podrá comunicarnos datos personales de terceros si está autorizado para ello y los datos personales son correctos.  </p>

<p>Podemos modificar la presente política de privacidad en cualquier momento y sin previo aviso. En cada caso será aplicable la versión vigente publicada en nuestro sitio web. </p>

<p><strong>General: Datos personales</strong></p>

<p>Para garantizar que nuestros servicios puedan utilizarse de manera específica y eficiente, es necesario recopilar determinados datos. Las personas que muestran interés en la Red Antirracismo de Basilea-Ciudad rellenan el formulario de contacto o notifican un incidente racista, transmitiéndonos datos personales. Estos se utilizan exclusivamente para los fines de la Red Antirracismo de Basilea-Ciudad. Tratamos datos personales que recibimos de personas que solicitan asesoramiento o de terceros implicados en el marco de nuestra actividad en el ámbito de la orientación, o que recopilamos nosotros mismos. Algunos de estos datos personales nos son proporcionados por las personas afectadas, familiares de las personas afectadas, testigos o profesionales cuando nos contactan por correo electrónico, rellenan un formulario de notificación en nuestro sitio web o solicitan servicios. Esto incluye, por ejemplo, nombres y datos de contacto. Además, recopilamos datos personales que se reciben en el marco de la correspondencia con terceros (en particular familiares, autoridades y otros centros de asesoramiento) en el contexto de nuestra actividad de orientación. Los tipos de datos personales mencionados se tratan principalmente para prestar asesoramiento y documentarlo.       </p>

<p>Para alcanzar los fines descritos en esta política de privacidad, puede ser necesario que comuniquemos los datos personales a los siguientes destinatarios: centros de asesoramiento de la <a href="https://www.network-racism.ch/">Red de Asesoramiento para Víctimas de Racismo</a>, en particular <a href="https://stopprassismus.ch/">el Centro de Asesoramiento de ambas Basileas contra el Racismo y la Discriminación, Stopp Rassismus</a>. Estos están sujetos a la ley de protección de datos y, según acuerdo, no pueden utilizar ni comunicar los datos de otra manera. Aparte de esto, la Red Antirracismo de Basilea-Ciudad no cede ni comercializa datos personales a terceros.   </p>

<p>Conservamos los datos personales únicamente durante el tiempo necesario para tramitar la relación de asesoramiento y hasta que la notificación haya sido remitida al centro de asesoramiento competente. Los datos personales se eliminan después de forma irrevocable de nuestro sistema. Cuando las personas que solicitan asesoramiento nos proporcionan datos personales a través de un tercero (por ejemplo, a través de sus familiares u otras personas de contacto), corresponde a las personas que solicitan asesoramiento informarles de manera general sobre el tratamiento que realizamos.   </p>

<p><strong>Tratamiento de datos en relación con el uso de nuestro sitio we</strong><strong>b</strong></p>

<p><strong>Uso de cookies y Google Analytics en el sitio web</strong></p>

<p>Cuando accede a nuestro sitio web, recopilamos determinada información mediante cookies. Las cookies son archivos de texto que se almacenan en su ordenador. Esto nos permite mejorar la facilidad de uso y el rendimiento de nuestro sitio web. Puede configurar su navegador para que no se almacenen cookies en su ordenador o para que siempre aparezca un aviso antes de instalar una cookie. A continuación encontrará explicaciones sobre las posibilidades de configuración de cookies en los navegadores más habituales:    </p>

<p>Google Chrome</p>

<p><a href="https://support.google.com/chrome/answer/95647?hl=de">https://support.google.com/chrome/answer/95647?hl=de</a></p>

<p>Microsoft Windows Internet Explorer y Microsoft Edge</p>

<p><a href="https://support.microsoft.com/de-de/windows/l%C3%B6schen-und-verwalten-von-cookies-168dab11-0753-043d-7c16-ede5947fc64d">https://support.microsoft.com/de-de/windows/l%C3%B6schen-und-verwalten-von-cookies-168dab11-0753-043d-7c16-ede5947fc64d</a></p>

<p>Mozilla Firefox</p>

<p><a href="https://support.mozilla.org/de/kb/verbesserter-schutz-aktivitatenverfolgung-desktop?redirectslug=cookies-erlauben-und-ablehnen&amp;redirectlocale=de">https://support.mozilla.org/de/kb/verbesserter-schutz-aktivitatenverfolgung-desktop?redirectslug=cookies-erlauben-und-ablehnen&amp;redirectlocale=de</a></p>

<p>Apple Safari</p>

<p><a href="https://support.apple.com/de-ch/guide/safari/sfri11471/mac">https://support.apple.com/de-ch/guide/safari/sfri11471/mac</a></p>

<p>Tenga en cuenta que la desactivación completa de las cookies puede provocar que nuestro sitio web no funcione o no funcione completamente.</p>

<p>En el ámbito de aplicación del RGPD, el tratamiento de estos datos se realiza sobre la base de nuestro interés legítimo (art. 6, apartado 1, letra f del RGPD) de proporcionar un sitio web moderno y un uso cómodo del mismo.</p>

<p>Al visitar el sitio web de la Red Antirracismo, el servidor web registra por defecto datos de uso no personales. Estos datos proporcionan información sobre las páginas y archivos consultados, la dirección IP del ordenador solicitante, la fecha y duración de la visita, el sistema operativo y el tipo de navegador. Para la recopilación y evaluación, la Red Antirracismo utiliza las herramientas de análisis web <a href="http://final.humanrights.ch/de/ber-uns/datenschutz/hinweis-verwendung-google-analytics">Google Analytics</a>.  </p>

<ul>
<li>Google ofrece un <a href="https://tools.google.com/dlpage/gaoptout?hl=de">complemento</a> que se puede instalar en el navegador para desactivar las posibilidades de seguimiento de Google Analytics.</li>
</ul>

<p><strong>Enlaces externos y funciones de terceros</strong></p>

<p>La Red Antirracismo no tiene ninguna influencia sobre los contenidos externos a los que hacemos referencia, ni sobre el cumplimiento de las disposiciones de protección de datos por parte de terceros cuyas funciones están integradas en nuestros sitios web. </p>

<p><strong>Derecho de acceso</strong></p>

<p>Con mucho gusto le proporcionaremos información por escrito sobre sus datos almacenados y los rectificaremos o eliminaremos si así lo desea. Para ello, póngase en contacto con nosotros por correo electrónico en <a href="mailto:info@netzwerk-antirassimus.ch">info@netzwerk-antirassimus.ch</a>. </p>

<h4 class="wp-block-heading"><strong> Seguridad de los datos</strong></h4>

<p>Para proteger sus datos, mantenemos medidas de seguridad técnicas y organizativas de acuerdo con el estado actual de la técnica. </p>

<p>La comunicación a través de nuestro sitio web se realiza de forma cifrada mediante el uso del protocolo de cifrado SSL/TLS. Sin embargo, señalamos que la transmisión cifrada de datos por Internet siempre conlleva riesgos de seguridad. No se puede garantizar una protección completa de los datos frente al acceso por parte de terceros.  </p>

<p><strong>Declaración de consentimiento</strong></p>

<p>Al utilizar los servicios mencionados anteriormente de <a href="http://www.netzwerk-antirassismus.ch/">www.netzwerk-antirassismus.ch</a>, usted acepta el tratamiento de los datos recopilados sobre usted de la manera descrita y con las finalidades indicadas. Para más preguntas e información sobre la política de privacidad, la Red Antirracismo está a su disposición: </p>

<p>Red Antirracismo de Basilea-Ciudad, info@netzwerk-antirassimus.ch.</p>
								</div>
				</div>
					</div>
				</div>
				</div>

<p>Protección de datos Con esta política de privacidad queremos explicarle cómo recopilamos y tratamos los datos personales. La Red Antirracismo de Basilea-Ciudad cumple con la Ley Federal de Protección de Datos (LPD) y satisface los requisitos del Reglamento General de Protección de Datos de la UE (RGPD). Al utilizar nuestros servicios y nuestra página web, [&hellip;]</p>
